{"id":31,"date":"2024-02-11T16:15:20","date_gmt":"2024-02-11T16:15:20","guid":{"rendered":"https:\/\/lueg-drehtechnik.de\/?page_id=31"},"modified":"2024-03-28T16:09:13","modified_gmt":"2024-03-28T16:09:13","slug":"logistik","status":"publish","type":"page","link":"https:\/\/lueg-drehtechnik.de\/index.php\/logistik\/","title":{"rendered":"Logistik"},"content":{"rendered":"\t\t<div data-elementor-type=\"wp-page\" data-elementor-id=\"31\" class=\"elementor elementor-31\" data-elementor-post-type=\"page\">\n\t\t\t\t<div class=\"elementor-element elementor-element-676bf04 e-flex e-con-boxed e-con e-parent\" data-id=\"676bf04\" data-element_type=\"container\" data-e-type=\"container\" data-settings=\"{&quot;jet_parallax_layout_list&quot;:[]}\">\n\t\t\t\t\t<div class=\"e-con-inner\">\n\t\t\t\t<div class=\"elementor-element elementor-element-ce8b090 elementor-invisible elementor-widget elementor-widget-heading\" data-id=\"ce8b090\" data-element_type=\"widget\" data-e-type=\"widget\" data-settings=\"{&quot;_animation&quot;:&quot;fadeInLeft&quot;}\" data-widget_type=\"heading.default\">\n\t\t\t\t<div class=\"elementor-widget-container\">\n\t\t\t\t\t<h2 class=\"elementor-heading-title elementor-size-default\">Logistik<\/h2>\t\t\t\t<\/div>\n\t\t\t\t<\/div>\n\t\t\t\t<div class=\"elementor-element elementor-element-ab56980 elementor-widget-divider--view-line elementor-invisible elementor-widget elementor-widget-divider\" data-id=\"ab56980\" data-element_type=\"widget\" data-e-type=\"widget\" data-settings=\"{&quot;_animation&quot;:&quot;fadeInLeft&quot;,&quot;_animation_delay&quot;:80}\" data-widget_type=\"divider.default\">\n\t\t\t\t<div class=\"elementor-widget-container\">\n\t\t\t\t\t\t\t<div class=\"elementor-divider\">\n\t\t\t<span class=\"elementor-divider-separator\">\n\t\t\t\t\t\t<\/span>\n\t\t<\/div>\n\t\t\t\t\t\t<\/div>\n\t\t\t\t<\/div>\n\t\t\t\t\t<\/div>\n\t\t\t\t<\/div>\n\t\t<div class=\"elementor-element elementor-element-c807905 e-flex e-con-boxed e-con e-parent\" data-id=\"c807905\" data-element_type=\"container\" data-e-type=\"container\" data-settings=\"{&quot;jet_parallax_layout_list&quot;:[]}\">\n\t\t\t\t\t<div class=\"e-con-inner\">\n\t\t<div class=\"elementor-element elementor-element-492f806 e-flex e-con-boxed elementor-invisible e-con e-child\" data-id=\"492f806\" data-element_type=\"container\" data-e-type=\"container\" data-settings=\"{&quot;jet_parallax_layout_list&quot;:[],&quot;animation&quot;:&quot;fadeInLeft&quot;}\">\n\t\t\t\t\t<div class=\"e-con-inner\">\n\t\t\t\t<div class=\"elementor-element elementor-element-5160e86 elementor-invisible elementor-widget elementor-widget-text-editor\" data-id=\"5160e86\" data-element_type=\"widget\" data-e-type=\"widget\" data-settings=\"{&quot;_animation&quot;:&quot;fadeInRight&quot;}\" data-widget_type=\"text-editor.default\">\n\t\t\t\t<div class=\"elementor-widget-container\">\n\t\t\t\t\t\t\t\t\t<p>Mithilfe unseres modernen Hochregallagers sind wir in der Lage, Ihren Drehteile-Bedarf bei uns einzulagern. Wir schicken Ihnen Ihren regelm\u00e4\u00dfigen Teilebedarf in der gew\u00fcnschten Menge zu.<br \/>Zuverl\u00e4ssig, Just-in-Time. So k\u00f6nnen Sie Ihren eigenen Lagerbestand gering halten und verf\u00fcgen weiterhin \u00fcber eine hohe Flexibilit\u00e4t.<\/p><p>Mit unserem werkseigenen LKW sind wir in der Lage, zuverl\u00e4ssig, flexibel und schnell auf Ihre Bestellungen zu reagieren.<\/p>\t\t\t\t\t\t\t\t<\/div>\n\t\t\t\t<\/div>\n\t\t\t\t\t<\/div>\n\t\t\t\t<\/div>\n\t\t<div class=\"elementor-element elementor-element-9c17f6e e-flex e-con-boxed elementor-invisible e-con e-child\" data-id=\"9c17f6e\" data-element_type=\"container\" data-e-type=\"container\" data-settings=\"{&quot;jet_parallax_layout_list&quot;:[],&quot;animation&quot;:&quot;fadeInRight&quot;}\">\n\t\t\t\t\t<div class=\"e-con-inner\">\n\t\t\t\t<div class=\"elementor-element elementor-element-85f0554 elementor-widget elementor-widget-image\" data-id=\"85f0554\" data-element_type=\"widget\" data-e-type=\"widget\" data-widget_type=\"image.default\">\n\t\t\t\t<div class=\"elementor-widget-container\">\n\t\t\t\t\t\t\t\t\t\t\t\t\t\t\t\t<a href=\"https:\/\/lueg-drehtechnik.de\/wp-content\/uploads\/2024\/03\/D81_4628.jpg\" data-elementor-open-lightbox=\"yes\" data-elementor-lightbox-title=\"D81_4628\" data-e-action-hash=\"#elementor-action%3Aaction%3Dlightbox%26settings%3DeyJpZCI6Mzc3LCJ1cmwiOiJodHRwczpcL1wvbHVlZy1kcmVodGVjaG5pay5kZVwvd3AtY29udGVudFwvdXBsb2Fkc1wvMjAyNFwvMDNcL0Q4MV80NjI4LmpwZyJ9\">\n\t\t\t\t\t\t\t<img fetchpriority=\"high\" decoding=\"async\" width=\"800\" height=\"534\" src=\"https:\/\/lueg-drehtechnik.de\/wp-content\/uploads\/2024\/03\/D81_4628-1024x683.jpg\" class=\"attachment-large size-large wp-image-377\" alt=\"\" srcset=\"https:\/\/lueg-drehtechnik.de\/wp-content\/uploads\/2024\/03\/D81_4628-1024x683.jpg 1024w, https:\/\/lueg-drehtechnik.de\/wp-content\/uploads\/2024\/03\/D81_4628-300x200.jpg 300w, https:\/\/lueg-drehtechnik.de\/wp-content\/uploads\/2024\/03\/D81_4628-768x512.jpg 768w, https:\/\/lueg-drehtechnik.de\/wp-content\/uploads\/2024\/03\/D81_4628-1536x1025.jpg 1536w, https:\/\/lueg-drehtechnik.de\/wp-content\/uploads\/2024\/03\/D81_4628.jpg 1800w\" sizes=\"(max-width: 800px) 100vw, 800px\" \/>\t\t\t\t\t\t\t\t<\/a>\n\t\t\t\t\t\t\t\t\t\t\t\t\t\t\t<\/div>\n\t\t\t\t<\/div>\n\t\t\t\t\t<\/div>\n\t\t\t\t<\/div>\n\t\t\t\t\t<\/div>\n\t\t\t\t<\/div>\n\t\t\t\t<\/div>\n\t\t","protected":false},"excerpt":{"rendered":"<p>Logistik Mithilfe unseres modernen Hochregallagers sind wir in der Lage, Ihren Drehteile-Bedarf bei uns einzulagern. Wir schicken Ihnen Ihren regelm\u00e4\u00dfigen Teilebedarf in der gew\u00fcnschten Menge zu.Zuverl\u00e4ssig, Just-in-Time. So k\u00f6nnen Sie Ihren eigenen Lagerbestand gering halten und verf\u00fcgen weiterhin \u00fcber eine hohe Flexibilit\u00e4t. Mit unserem werkseigenen LKW sind wir in der Lage, zuverl\u00e4ssig, flexibel und schnell [&hellip;]<\/p>\n","protected":false},"author":1,"featured_media":0,"parent":0,"menu_order":0,"comment_status":"closed","ping_status":"closed","template":"","meta":{"footnotes":""},"class_list":["post-31","page","type-page","status-publish","hentry"],"aioseo_notices":[],"_links":{"self":[{"href":"https:\/\/lueg-drehtechnik.de\/index.php\/wp-json\/wp\/v2\/pages\/31","targetHints":{"allow":["GET"]}}],"collection":[{"href":"https:\/\/lueg-drehtechnik.de\/index.php\/wp-json\/wp\/v2\/pages"}],"about":[{"href":"https:\/\/lueg-drehtechnik.de\/index.php\/wp-json\/wp\/v2\/types\/page"}],"author":[{"embeddable":true,"href":"https:\/\/lueg-drehtechnik.de\/index.php\/wp-json\/wp\/v2\/users\/1"}],"replies":[{"embeddable":true,"href":"https:\/\/lueg-drehtechnik.de\/index.php\/wp-json\/wp\/v2\/comments?post=31"}],"version-history":[{"count":0,"href":"https:\/\/lueg-drehtechnik.de\/index.php\/wp-json\/wp\/v2\/pages\/31\/revisions"}],"wp:attachment":[{"href":"https:\/\/lueg-drehtechnik.de\/index.php\/wp-json\/wp\/v2\/media?parent=31"}],"curies":[{"name":"wp","href":"https:\/\/api.w.org\/{rel}","templated":true}]}}